e?
False
Is 22290773 composite?
False
Is 13217089 composite?
False
Is 2973049 prime?
False
Is 633307 prime?
True
Is 32669447 a composite number?
False
Is 26322097 prime?
False
Is 9181849 composite?
False
Is 10029577 prime?
True
Is 747421 composite?
False
Is 7687363 a prime number?
False
Is 84801749 prime?
False
Is 8563663 prime?
False
Is 47140451 composite?
True
Is 11535829 prime?
True
Is 3714871 composite?
True
Is 5255823 a prime number?
False
Is 7265047 composite?
False
Is 21411701 a composite number?
False
Is 123744359 prime?
False
Is 4777541 a composite number?
True
Is 1984109 composite?
False
Is 44018309 a composite number?
True
Is 38451059 composite?
True
Is 2055351541 a prime number?
False
Is 32128879 a composite number?
True
Is 69742979 prime?
True
Is 4954687 a composite number?
True
Is 540331 prime?
False
Is 77524015 prime?
False
Is 9572089 composite?
True
Is 88676719 prime?
True
Is 78493367 composite?
False
Is 26504789 prime?
True
Is 13424359 a prime number?
False
Is 107827283 a prime number?
True
Is 227891333 prime?
False
Is 49520759 composite?
False
Is 233686501 composite?
False
Is 37068169 composite?
False
Is 3002005 a composite number?
True
Is 456107 a composite number?
False
Is 61346951 a prime number?
True
Is 43216339 composite?
False
Is 66125687 composite?
False
Is 135089491 a prime number?
True
Is 6069367 a prime number?
True
Is 97705283 prime?
False
Is 224363129 prime?
True
Is 1536719 prime?
True
Is 1068467 composite?
True
Is 293849 prime?
False
Is 5929111 a prime number?
False
Is 131120183 composite?
True
Is 253210011 composite?
True
Is 274520827 a prime number?
False
Is 72140729 a composite number?
False
Is 8625889 composite?
False
Is 51608603 a composite number?
True
Is 596143 composite?
False
Is 15762974 prime?
False
Is 76417121 a prime number?
False
Is 9182939 a prime number?
False
Is 265865513 composite?
False
Is 1169851 a prime number?
False
Is 15796037 composite?
True
Is 150656353 prime?
True
Is 9908033 composite?
False
Is 122253689 a prime number?
False
Is 48502661 a prime number?
False
Is 20788169 a prime number?
True
Is 1879213 a prime number?
False
Is 736669 prime?
False
Is 28519679 a prime number?
True
Is 130890841 a prime number?
True
Is 1884193 a prime number?
True
Is 14385319 a composite number?
True
Is 462833015 a prime number?
False
Is 1237867 prime?
True
Is 14441351 a prime number?
False
Is 4579319 composite?
False
Is 97054283 prime?
False
Is 257434 a prime number?
False
Is 120286117 prime?
False
Is 69023947 a composite number?
True
Is 44697355 a prime number?
False
Is 3207731 a prime number?
False
Is 452849 prime?
False
Is 55493563 a composite number?
False
Is 4636003 prime?
True
Is 84873017 a composite number?
True
Is 143614 prime?
False
Is 3360953 prime?
False
Is 8339531 composite?
True
Is 15503573 a composite number?
True
Is 39195281 composite?
False
Is 88643 a composite number?
False
Is 88905657 prime?
False
Is 2473271 prime?
False
Is 868397 prime?
True
Is 19094 composite?
True
Is 494917 prime?
True
Is 20056801 composite?
True
Is 806138614 prime?
False
Is 22081687 a composite number?
True
Is 25554299 a prime number?
True
Is 3040559 composite?
True
Is 11663909 a prime number?
True
Is 38311831 a composite number?
False
Is 1423181 a prime number?
True
Is 176723 a composite number?
True
Is 8177917 a composite number?
True
Is 227469817 a composite number?
False
Is 18950759 a prime number?
False
Is 3282493 a composite number?
False
Is 220072393 a prime number?
True
Is 153560255 a composite number?
True
Is 11217509 a prime number?
False
Is 37791967 prime?
False
Is 217769 prime?
False
Is 13454947 prime?
False
Is 12505978 a composite number?
True
Is 83300279 a prime number?
True
Is 48726221 a prime number?
True
Is 3645893 prime?
True
Is 19513679 a prime number?
True
Is 2956897 a prime number?
True
Is 14414678 prime?
False
Is 1521731 composite?
False
Is 1492703 prime?
True
Is 118589 a prime number?
True
Is 29243 a composite number?
False
Is 3736699 a composite number?
True
Is 99520129 prime?
False
Is 3926789 composite?
False
Is 1301921 a composite number?
False
Is 97759687 a composite number?
True
Is 562411 prime?
False
Is 557435 a prime number?
False
Is 236928203 a composite number?
False
Is 14882441 a prime number?
False
Is 53507669 composite?
False
Is 2229802823 a prime number?
True
Is 59622051 prime?
False
Is 93454237 a composite number?
True
Is 18966919 prime?
False
Is 2794013 a composite number?
True
Is 143375917 composite?
False
Is 490642765 prime?
False
Is 13963531 a composite number?
False
Is 80410787 a prime number?
False
Is 28135759 composite?
False
Is 39451291 prime?
False
Is 74647 prime?
False
Is 9988907 composite?
False
Is 38131529 a prime number?
True
Is 19478177 a prime number?
True
Is 7530911 prime?
True
Is 77783059 a prime number?
True
Is 6566693 a composite number?
True
Is 147471 a composite number?
True
Is 9086299 a composite number?
False
Is 1036858 a composite number?
True
Is 29752061 a prime number?
True
Is 650179 a prime number?
True
Is 1879547 composite?
True
Is 11999477 a prime number?
False
Is 122767711 a prime number?
False
Is 36668791 composite?
True
Is 1335580105 composite?
True
Is 11112193 composite?
False
Is 1361039 a composite number?
True
Is 12716501 composite?
True
Is 1492063 a composite number?
False
Is 28044517 prime?
True
Is 1090372841 composite?
False
Is 13383967 prime?
True
Is 24191467 a prime number?
True
Is 9217891 composite?
True
Is 7917607 a prime number?
True
Is 93262777 a composite number?
False
Is 52398163 a prime number?
False
Is 5131757 composite?
False
Is 4805791 prime?
True
Is 69626143 a composite number?
False
Is 8608835 a prime number?
False
Is 7469761 a composite number?
True
Is 2879351 a prime number?
True
Is 19370465 a prime number?
False
Is 8396093 a composite number?
False
Is 955183 prime?
True
Is 22145723 prime?
True
Is 6116833 a composite number?
False
Is 1129889 prime?
True
Is 111362243 composite?
False
Is 14833649 a composite number?
False
Is 2209861 prime?
False
Is 41134261 a composite number?
True
Is 24676105 prime?
False
Is 491902897 a prime number?
True
Is 11505383 composite?
False
Is 1733163259 composite?
False
Is 4045166 a prime number?
False
Is 23694889 prime?
False
Is 10437313 prime?
True
Is 122777 a prime number?
True
Is 191868671 a composite number?
False
Is 3910337 a composite number?
False
Is 11561833 prime?
True
Is 9080761 a composite number?
True
Is 16831703 a prime number?
False
Is 1822219 composite?
True
Is 8116643 composite?
False
Is 2436823 a prime number?
True
Is 11191381 a prime number?
True
Is 180564607 a prime number?
False
Is 11241355 a prime number?
False
Is 606548671 a composite number?
True
Is 280557307 composite?
True
Is 28751809 a composite number?
False
Is 8810437 a composite number?
True
Is 722509 composite?
False
Is 74645041 a prime number?
False
Is 6605113 composite?
True
Is 5892497 composite?
True
Is 39960161 prime?
False
Is 3305671 a composite number?
False
Is 162572369 a composite number?
False
Is 4135889 a composite number?
False
Is 20938459 prime?
True
Is 17952698 a prime number?
False
Is 31448577 prime?
False
Is 1173449 a prime number?
False
Is 23115653 prime?
False
Is 2166839 prime?
False
Is 302381747 prime?
True
Is 6056287 composite?
False
Is 60438377 composite?
False
Is 276851 composite?
True
Is 94430587 composite?
False
Is 6352219 composite?
False
Is 27608753 a composite number?
False
Is 35173037 a prime number?
True
Is 5630591 a prime number?
True
Is 9647153 a prime number?
True
Is 1474331 prime?
False
Is 18203907 a composite number?
True
Is 443747951 a composite number?
False
Is 400807427 composite?
False
Is 180078749 a composite number?
True
Is 13965131 composite?
True
Is 4191531 a prime number?
False
Is 6514126 composite?
True
Is 9653339 a composite number?
False
Is 30800629 composite?
False
Is 31241531 prime?
True
Is 52308755 prime?
False
Is 140446 composite?
True
Is 326965 a prime number?
False
Is 5451383 a prime number?
False
Is 70584133 a prime number?
True
Is 219217217 a composite number?
False
Is 5875159 prime?
True
Is 104527795 composite?
True
Is 6824959 a prime number?
True
Is 423659 a prime number?
False
Is 7129687 a composite number?
False
Is 21549487 prime?
False
Is 542916191 composite?
Fa